11
List the prime factors of 260.
2, 5, 13
List the prime factors of 193.
193
What are the prime factors of 71054?
2, 35527
What are the prime factors of 22335?
3, 5, 1489
What are the prime factors of 48141?
3, 1783
List the prime factors of 29149.
103, 283
List the prime factors of 932.
2, 233
List the prime factors of 3616.
2, 113
List the prime factors of 47367.
3, 19, 277
What are the prime factors of 411?
3, 137
What are the prime factors of 808?
2, 101
List the prime factors of 4913.
17
What are the prime factors of 3862?
2, 1931
List the prime factors of 5071.
11, 461
List the prime factors of 973.
7, 139
List the prime factors of 1547.
7, 13, 17
What are the prime factors of 638?
2, 11, 29
List the prime factors of 1528.
2, 191
What are the prime factors of 734?
2, 367
What are the prime factors of 5847?
3, 1949
List the prime factors of 5727.
3, 23, 83
What are the prime factors of 837?
3, 31
What are the prime factors of 56665?
5, 7, 1619
List the prime factors of 981.
3, 109
What are the prime factors of 1490?
2, 5, 149
What are the prime factors of 9?
3
What are the prime factors of 1707?
3, 569
What are the prime factors of 7649?
7649
What are the prime factors of 2560?
2, 5
What are the prime factors of 135886?
2, 67943
List the prime factors of 2971.
2971
List the prime factors of 20238.
2, 3, 3373
List the prime factors of 79.
79
List the prime factors of 41611.
41611
What are the prime factors of 7940?
2, 5, 397
List the prime factors of 4067.
7, 83
List the prime factors of 1878.
2, 3, 313
What are the prime factors of 3123?
3, 347
What are the prime factors of 4942?
2, 7, 353
List the prime factors of 1777.
1777
List the prime factors of 4650.
2, 3, 5, 31
List the prime factors of 353.
353
List the prime factors of 12676.
2, 3169
What are the prime factors of 2255?
5, 11, 41
List the prime factors of 57.
3, 19
What are the prime factors of 32051?
32051
List the prime factors of 1664.
2, 13
List the prime factors of 2064.
2, 3, 43
List the prime factors of 1430.
2, 5, 11, 13
List the prime factors of 42299.
42299
What are the prime factors of 3379?
31, 109
What are the prime factors of 662?
2, 331
What are the prime factors of 34551?
3, 11, 349
List the prime factors of 20380.
2, 5, 1019
What are the prime factors of 1052?
2, 263
What are the prime factors of 18097?
18097
What are the prime factors of 375?
3, 5
What are the prime factors of 2761?
11, 251
List the prime factors of 1713.
3, 571
List the prime factors of 4879.
7, 17, 41
What are the prime factors of 3838?
2, 19, 101
What are the prime factors of 145753?
145753
What are the prime factors of 8207?
29, 283
What are the prime factors of 2224?
2, 139
List the prime factors of 3237.
3, 13, 83
What are the prime factors of 25023?
3, 19, 439
List the prime factors of 15989.
59, 271
List the prime factors of 6359.
6359
What are the prime factors of 23297?
23297
What are the prime factors of 115368?
2, 3, 11, 19, 23
List the prime factors of 198230.
2, 5, 43, 461
What are the prime factors of 125?
5
List the prime factors of 16776.
2, 3, 233
List the prime factors of 1461.
3, 487
List the prime factors of 25710.
2, 3, 5, 857
List the prime factors of 31897.
167, 191
List the prime factors of 1622.
2, 811
What are the prime factors of 210?
2, 3, 5, 7
List the prime factors of 1064.
2, 7, 19
What are the prime factors of 137?
137
List the prime factors of 2102.
2, 1051
What are the prime factors of 470?
2, 5, 47
List the prime factors of 12481.
7, 1783
List the prime factors of 7622.
2, 37, 103
What are the prime factors of 694?
2, 347
List the prime factors of 1122.
2, 3, 11, 17
What are the prime factors of 128076?
2, 3, 13, 821
What are the prime factors of 24951?
3, 8317
List the prime factors of 107842.
2, 7, 7703
List the prime factors of 27097.
7, 79
What are the prime factors of 19257?
3, 7, 131
List the prime factors of 1576.
2, 197
List the prime factors of 15296.
2, 239
What are the prime factors of 1478?
2, 739
What are the prime factors of 9088?
2, 71
List the prime factors of 26311.
83, 317
List the prime factors of 47587.
23, 2069
What are the prime factors of 213?
3, 71
List the prime factors of 145749.
3, 19, 2557
What are the prime factors of 1427?
1427
What are the prime factors of 1423?
1423
What are the prime factors of 4074?
2, 3, 7, 97
List the prime factors of 2496.
2, 3, 13
List the prime factors of 9341.
9341
List the prime factors of 10787.
7, 23, 67
List the prime factors of 5496.
2, 3, 229
What are the prime factors of 1135?
5, 227
List the prime factors of 548.
2, 137
List the prime factors of 34846.
2, 7, 19, 131
List the prime factors of 8269.
8269
List the prime factors of 3742.
2, 1871
List the prime factors of 2133.
3, 79
What are the prime factors of 448?
2, 7
What are the prime factors of 67711?
7, 17, 569
What are the prime factors of 252?
2, 3, 7
List the prime factors of 301.
7, 43
List the prime factors of 154.
2, 7, 11
List the prime factors of 843.
3, 281
What are the prime factors of 45414?
2, 3, 29
List the prime factors of 3843.
3, 7, 61
What are the prime factors of 5067?
3, 563
What are the prime factors of 12540?
2, 3, 5, 11, 19
What are the prime factors of 1095?
3, 5, 73
What are the prime factors of 7632?
2, 3, 53
List the prime factors of 294.
2, 3, 7
List the prime factors of 1612.
2, 13, 31
What are the prime factors of 1933?
1933
What are the prime factors of 85?
5, 17
What are the prime factors of 18397?
18397
List the prime factors of 1366.
2, 683
List the prime factors of 29789.
29789
What are the prime factors of 60806?
2, 30403
What are the prime factors of 6544?
2, 409
List the prime factors of 52352.
2, 409
List the prime factors of 649.
11, 59
List the prime factors of 2800.
2, 5, 7
List the prime factors of 960.
2, 3, 5
What are the prime factors of 2588?
2, 647
List the prime factors of 46995.
3, 5, 13, 241
What are the prime factors of 29425?
5, 11, 107
What are the prime factors of 446?
2, 223
What are the prime factors of 1910?
2, 5, 191
List the prime factors of 631.
631
What are the prime factors of 23323?
83, 281
What are the prime factors of 52923?
3, 13, 23, 59
List the prime factors of 37613.
29, 1297
What are the prime factors of 18255?
3, 5, 1217
List the prime factors of 4541.
19, 239
List the prime factors of 2310.
2, 3, 5, 7, 11
What are the prime factors of 724?
2, 181
List the prime factors of 109645.
5, 21929
What are the prime factors of 368?
2, 23
List the prime factors of 17343.
3, 41, 47
What are the prime factors of 14672?
2, 7, 131
List the prime factors of 17981.
17981
What are the prime factors of 1141?
7, 163
List the prime factors of 1839.
3, 613
What are the prime factors of 28664?
2, 3583
List the prime factors of 118864.
2, 17, 19, 23
What are the prime factors of 25531?
11, 211
List the prime factors of 9577.
61, 157
List the prime factors of 382.
2, 191
What are the prime factors of 20286?
2, 3, 7, 23
List the prime factors of 1504.
2, 47
What are the prime factors of 4150?
2, 5, 83
List the prime factors of 88761.
3, 29587
What are the prime factors of 3047?
11, 277
List the prime factors of 15393.
3, 7, 733
What are the prime factors of 713?
23, 31
List the prime factors of 5451.
3, 23, 79
What are the prime factors of 9258?
2, 3, 1543
List the prime factors of 9488.
2, 593
List the prime factors of 147.
3, 7
What are the prime factors of 19291?
101, 191
What are the prime factors of 15881?
15881
What are the prime factors of 32430?
2, 3, 5, 23, 47
List the prime factors of 20041.
7, 409
What are the prime factors of 13542?
2, 3, 37, 61
List the prime factors of 932.
2, 233
What are the prime factors of 12621?
3, 7, 601
List the prime factors of 19367.
107, 181
List the prime factors of 88936.
2, 11117
What are the prime factors of 41349?
3, 7, 11, 179
List the prime factors of 971.
971
What are the prime factors of 11641?
7, 1663
List the prime factors of 102462.
2, 3, 17077
What are the prime factors of 4505?
5, 17, 53
List the prime factors of 10705.
5, 2141
List the prime factors of 2406.
2, 3, 401
List the prime factors of 636.
2, 3, 53
List the prime factors of 1605.
3, 5, 107
What are the prime factors of 36458?
2, 18229
List the prime factors of 14134.
2, 37, 19